
Let z(w) = -62*w**2 - 348*w - 672. Give z(-3).
-186
Let x(u) = -10401*u + 51937. Determine x(5).
-68
Let i(l) = 193714*l - 3293129. Calculate i(17).
9
Let v(u) = -u**3 + 91*u**2 + 202*u - 1831. What is v(93)?
-343
Let z(r) = -505*r - 20080. What is z(-40)?
120
Let h(y) = 993*y + 18245. Calculate h(-16).
2357
Let k(u) = -35*u**2 + 1198*u + 1243. Give k(-1).
10
Let n(p) = -8495*p + 76436. What is n(9)?
-19
Let s(p) = 138*p**3 - 4*p**2 + 21*p + 24. Give s(-1).
-139
Let d(s) = 736*s + 17322. Determine d(-23).
394
Let g(a) = a**3 - 10*a**2 - 30*a - 98. What is g(13)?
19
Let s(o) = -1117*o - 39458. What is s(-33)?
-2597
Let s(r) = -1705*r**2 - 8493*r + 42. What is s(-5)?
-118
Let y(l) = -758924*l + 14419560. Determine y(19).
4
Let q(g) = -2731*g + 155684. Determine q(57).
17
Let w(k) = k**2 - 458*k + 32775. Calculate w(89).
-66
Let w(g) = 2305*g + 66849. What is w(-29)?
4
Let z(i) = -515*i**2 - 5176*i - 272. Give z(-10).
-12
Let m(t) = -t**3 - 522*t**2 + 4774*t - 2651. Give m(-531).
4
Let z(f) = 257*f - 28028. Calculate z(110).
242
Let q(n) = n**2 - 56*n + 708. Determine q(37).
5
Let w(j) = j**3 - 3*j**2 + 1358*j + 1089. Give w(0).
1089
Let x(d) = 2*d**3 - 94*d**2 - 2669*d + 230. Calculate x(-20).
10
Let i(y) = -y**3 + 19*y**2 + 432*y - 7077. Give i(14).
-49
Let c(i) = -1919*i + 326300. Give c(170).
70
Let r(m) = -7*m + 3099. Give r(437).
40
Let j(h) = 147913*h + 295819. Determine j(-2).
-7
Let j(r) = r**2 + 181*r + 6894. Determine j(-55).
-36
Let h(x) = x**3 + 189*x**2 - 177260*x - 670. Give h(337).
4
Let n(l) = -l**2 + 238665*l - 477315. Determine n(2).
11
Let l(c) = 2598*c + 90934. What is l(-35)?
4
Let l(p) = -88*p**2 + 2979*p + 130574. Calculate l(59).
7
Let f(i) = 10284*i + 4247292. What is f(-413)?
0
Let w(y) = 242*y - 960. What is w(3)?
-234
Let f(l) = 2*l**3 + 2395*l**2 + 10726*l - 13120. What is f(-1193)?
3
Let l(k) = 203*k + 1236. Give l(-10).
-794
Let a(z) = -590*z - 30552. Calculate a(-47).
-2822
Let y(p) = -2*p**3 + 15*p**2 - 56*p + 241. Determine y(8).
-271
Let p(r) = -184*r - 6478. Determine p(-37).
330
Let a(m) = 441*m**2 + 319290*m + 4354. Give a(-724).
10
Let p(c) = -4069*c - 57021. Give p(-14).
-55
Let x(k) = 2*k**3 + 13*k**2 - 45*k - 599. What is x(-10)?
-849
Let f(x) = 494*x - 13502. What is f(23)?
-2140
Let i(u) = 830*u**2 + 2121*u + 4247. Give i(-2).
3325
Let f(h) = -2*h**2 - 154*h - 1600. Determine f(-64).
64
Let o(q) = -q**2 + 5437562*q + 27187827. What is o(-5)?
-8
Let f(d) = 42*d**3 - 74*d**2 - 153*d - 79. What is f(-1)?
-42
Let i(s) = 12*s**2 + 947*s - 7534. Calculate i(8).
810
Let l(k) = -13*k**3 + 558*k**2 + 34*k - 64. Calculate l(43).
-451
Let u(g) = g**3 + 138*g**2 - 405*g - 21011. Determine u(-140).
-3511
Let i(q) = -4*q**2 + 3999*q + 36310. Calculate i(-9).
-5
Let s(l) = -l**3 - 224*l**2 - 5805*l + 957. What is s(-194)?
-1953
Let l(x) = 22*x**3 - 397*x**2 - 36*x + 967. Give l(18).
-5
Let m(q) = -7*q**3 + 288*q**2 - 839*q + 131. Give m(38).
17
Let v(d) = -17653*d + 16081874. Determine v(911).
-9
Let q(k) = 4*k**2 - 159*k + 1482. What is q(11)?
217
Let w(p) = 555*p**2 + 1361*p - 1. What is w(-4)?
3435
Let i(j) = -5217*j - 1544239. What is i(-296)?
-7
Let p(x) = 73264*x + 439457. Determine p(-6).
-127
Let s(h) = 2*h**3 + 276*h**2 + 1978*h - 13268. What is s(-130)?
-8
Let x(i) = i**3 - 58*i**2 + 90*i - 5163. What is x(58)?
57
Let j(c) = -2*c**3 - 2*c**2 - 1427*c - 10576. What is j(-7)?
1
Let z(k) = -k**2 + 6724*k + 67334. What is z(-10)?
-6
Let j(o) = -421*o + 160. What is j(0)?
160
Let a(t) = -6140*t - 7263674. Determine a(-1183).
-54
Let p(d) = -d**3 - 35*d**2 - 203*d + 549. What is p(-11)?
-122
Let h(j) = 4*j**3 + 1030*j**2 - 44909*j - 263. Calculate h(38).
3
Let v(c) = -4*c**2 - 480*c + 11797. Calculate v(-141).
-47
Let z(g) = -49*g**2 + 770*g + 38. Determine z(16).
-186
Let s(c) = c**3 + 2*c**2 + 59253*c + 296338. Calculate s(-5).
-2
Let v(r) = -356*r - 6284. Determine v(-14).
-1300
Let o(m) = m**3 + 46*m**2 + 432*m - 166. Calculate o(-13).
-205
Let r(f) = 2327*f - 430492. Calculate r(185).
3
Let h(n) = -15421*n - 46234. Determine h(-3).
29
Let g(h) = -42354*h + 338838. What is g(8)?
6
Let o(f) = f**3 + 6*f**2 - 78*f - 111. Give o(7).
-20
Let l(w) = 95*w**3 + 933*w**2 - 161*w + 101. What is l(-10)?
11
Let r(g) = -27*g**2 + 206*g - 32. Calculate r(8).
-112
Let b(w) = -130*w + 17194. Determine b(136).
-486
Let g(t) = -948*t - 4514. Determine g(-5).
226
Let j(p) = p**3 - 14*p**2 - 1139*p + 18495. Give j(17).
-1
Let b(q) = -21152*q + 21164. What is b(1)?
12
Let j(a) = a**3 + 58*a**2 - 207*a - 1147. Calculate j(-61).
317
Let z(p) = -4*p**2 - 306*p - 8237. Give z(-38).
-2385
Let h(m) = 4*m**2 - 97*m + 36. What is h(11)?
-547
Let b(f) = 3158*f - 18870. What is b(6)?
78
Let t(z) = 9420*z - 216634. Calculate t(23).
26
Let c(x) = -55201*x + 1656032. Give c(30).
2
Let o(d) = -2448*d - 92840. Determine o(-38).
184
Let x(a) = 3*a**2 - 1421*a - 6991. Calculate x(-5).
189
Let o(l) = 4*l**2 - 1539*l + 27790. Determine o(19).
-7
Let m(w) = 87*w**2 + 9281*w - 31783. Give m(-110).
7
Let x(c) = -1467*c - 601488. Determine x(-410).
-18
Let w(p) = -43*p**2 + 149*p - 705. Determine w(5).
-1035
Let m(q) = 55925*q - 1286302. Calculate m(23).
-27
Let g(x) = 9*x**2 + 196*x + 4382. Determine g(-19).
3907
Let l(t) = 2*t**3 + 36*t**2 - 80*t - 1177. Determine l(-20).
-1177
Let f(d) = -d**3 + 24*d**2 + 176*d + 63. Calculate f(-8).
703
Let m(u) = -u**3 - 5*u**2 + 2426*u + 29024. Determine m(-12).
920
Let g(f) = -7*f**3 - 430*f**2 - 615*f - 580. Determine g(-60).
320
Let n(u) = 1434881*u - 15783698. What is n(11)?
-7
Let x(o) = 380*o - 61822. What is x(163)?
118
Let g(s) = 4308*s + 90363. Calculate g(-21).
-105
Let q(s) = -20*s**2 + 186*s - 936. Determine q(5).
-506
Let u(x) = 13*x**3 + 413*x**2 - 90*x + 197. Determine u(-32).
5
Let l(h) = -8414*h - 1203201. Give l(-143).
1
Let r(o) = -175*o**2 + 248*o - 41. Determine r(2).
-245
Let r(p) = -224*p**2 - 119*p + 101. Calculate r(1).
-242
Let l(c) = 6*c**3 - 3*c**2 - 16*c + 55. Give l(5).
650
Let f(h) = 5*h**2 + 184*h + 822. What is f(-34)?
346
Let x(n) = 2*n**3 - 44*n**2 - 59*n - 378. Calculate x(22).
-1676
Let t(i) = 2*i**2 - 359*i - 5168. Calculate t(193).
43
Let k(o) = -o**2 - 130251*o + 260510. What is k(2)?
4
Let w(f) = -107543*f - 1398087. Calculate w(-13).
-28
Let o(q) = q**2 + 132*q + 4045. Give o(-48).
13
Let k(f) = f**3 - 104*f**2 - 119*f + 1467. What is k(105)?
-3
Let w(g) = -g**3 - 185*g**2 + 503*g + 93056. Calculate w(-185).
1
Let q(z) = 848*z**2 + 8475*z + 118. Give q(-10).
168
Let q(y) = 3*y**3 - 1521*y**2 + 2*y - 1079. Give q(507).
-65
Let n(z) = 2*z**2 - 347*z - 4844. What is n(-13)?
5
Let q(d) = 627*d - 18494. Determine q(29).
-311
Let r(x) = -3*x**3 + 44*x**2 + 262*x + 162. Determine r(-4).
10
Let j(t) = -t**3 + 158*t**2 + 322*t - 398. Give j(160).
-78
Let z(d) = 18527*d + 203785. Calculate z(-11).
-12
Let b(k) = 548*k + 9337. Give b(-17).
21
Let h(k) = k**3 + 10*k**2 - 1109*k - 17822. Determine h(-19).
0
Let o(r) = -3484*r + 118501. Give o(34).
45
Let b(i) = 44*i**3 + 313*i**2 + 3*i + 15. Determine b(-7).
239
Let y(o) = -o**3 - 37*o**2 + 251*o - 329. Give y(-43).
-28
Let v(j) = 152*j + 3438. Determine v(-23).
-58
Let k(o) = 365*o - 84311. Give k(231).
4
Let m(r) = -1128*r + 403976. Give m(358).
152
Let f(u) = 998*u - 638. Give f(1).
360
Let w(f) = -2*f**2 - 4*f + 471. What is w(21)?
-495
Let m(n) = -97*n**2 + 3710*n + 10810. Determine m(41).
-137
Let r(z) = 734*z**3 - 2*z**2 - 527*z + 530. Calculate r(1).
735
Let p(o) = 840*o**3 + 5882*o**2 - 42*o - 385. Calculate p(-7).
7
Let f(u) = 12*u**2 + 974*u - 1827. Calculate f(-83).
-1
Let h(m) = -9*m**2 + 950*m + 7582. Give h(113).
11
Let s(b) = b**3 - 19*b**2 - 340*b + 5824. Calculate s(16).
-384
Let v(k) = -1836*k + 172462. Give v(94).
-122
Let s(j) = -11*j**2 + 1216*j + 1233. What is s(-1)?
6
Let m(o) = -19*o**2 + 31*o - 210. What is m(7)?
-924
Let l(s) = 22623*s - 135694. Give l(6).
44
Let t(b) = -b**3 + 227*b**2 + 1488*b - 21011. Calculate t(233).
-41
Let u(t) = -67*t**2 + 8320*t - 1490. What is u(124)?
-2
Let t(c) = 2793*c + 29. What is t(0)?
29
Let u(d) = 1148*d**2 - 4*d. Determine u(1).
1144
Let d(u) = -4*u**2 - 860*u + 18036. Determine d(21).
-1788
Let g(u) = -978*u**2 - 1977*u - 3. What is g(-2)?
39
Let o(s) = 80*s**2 - 3